 + -1 - -1))?
-26
What is (19 - 4 - (30 + -25) - 5) + -37?
-32
(-81 + 141 - 57) + ((-3 - -3) + -3 - 34)
-34
-7 + (-4 - -4) - (2443 - 2528)
78
Calculate -4 - (-8 - 4) - -4 - (-35 - -60).
-13
-35 - (-39 - (-93 + 0))
-89
Evaluate -2 + (-1 + 2 - (-44 - (8 - 14))).
37
What is -1 + -3 + -1 + 11 + 3 + -37 + -4?
-32
What is the value of 15 + (5 - -3) + (1 - (-5 + 19)) + -76?
-66
What is the value of -1 + -52 + (3559 - 3521)?
-15
What is -104 + (-20 + 41 + -2 - -18)?
-67
(-18 - (72 + -44)) + -4 + 5
-45
Evaluate (-1 - 48) + (0 - -26 - (122 + -83)).
-62
What is the value of -78 + -1 + 35 - (-2 + 15 + -4)?
-53
Calculate (-7 + 2 - (34 + -23)) + -11.
-27
8 + (-4 - (-54 + 46) - (-6 - 1))
19
What is 25 - ((-72 - (-41 - -7)) + 63)?
0
What is the value of (5 - -50) + (18 - (1 + -9) - 46)?
35
Calculate -16 + 19 + 118 + -52.
69
What is the value of -101 + 78 - (2 - 10) - -56?
41
(8 - (2 + 9 + (-18 - -16))) + 8 + -118
-111
What is (13 - 7) + 1 + -65?
-58
44 + -12 + -73 + 37
-4
What is the value of (-1 - 20) + -2184 + 2228?
23
Calculate -50 + (-2 + -10 - (-4 - 18)) + 2.
-38
What is the value of 76 + 47 + -103 - (1 - -17)?
2
Calculate -1 + 82 - (164 - (30 + 131)).
78
Calculate -73 + -2 - (1207 + -1365).
83
What is the value of (-4 + 2 + 4 - 0) + (-367 - -337)?
-28
What is 29 + -33 + 15 + (-2 - 2)?
7
What is -142 + 12 + 32 - (-1 - 23)?
-74
What is the value of 3 + -2 + 1 + 39 + (91 - (-38 - -139))?
31
What is 7 - (-3 - -33) - (7 - 22)?
-8
24 + -54 + (19 - -10) + 57
56
(-3 - 0) + -3 + 20 + -321 + 282
-25
-5339 + 5401 + -54 + 0
8
Evaluate (23 - (-22 + 36) - -10) + 50.
69
(1 + -42 - (1 + 0)) + (42556 - 42544)
-30
Evaluate 35 + 17 + -7 + (-19 + 0 + 14 - 6).
34
Calculate 83 + 44 + -60 + -5 + 6 + -1 + -7.
60
Evaluate -10 - (-31 + 5 + 0 + -9 + 9 + 0).
16
Calculate 19 + 0 + (3509 - 3522) + 42 + 1.
49
What is (-29 + 8 - -44 - 15) + -7?
1
What is the value of 86 - ((-2 - ((-10 - -2 - -14) + 3)) + 3)?
94
What is the value of (3 - -1 - (159 + -146)) + 3 + -4 + 76?
66
What is the value of 37 + -62 + (47 - -16)?
38
What is the value of 24 + -37 - (-242 + 232 - (-1 + -60))?
-64
(6 - 1) + (-2 - 2) + -134 + 133
0
-22 + 36 + (-6 - ((1 - -4) + -37 + 29))
11
What is the value of 0 + -5 + (-5 - (26 - (-108 + (8 - -26))))?
-110
What is the value of -4 - ((1 - -1) + (-29 - -19)) - (-2 + -4)?
10
What is the value of 0 - 63 - (17 + 14 - 76 - -49)?
-67
(1 - 22) + (55 + -13 - -3)
24
Calculate (-14 - 27) + 35 - (-39 - (1 + 0)).
34
-4 - -2 - (4 - 47) - (707 + -728)
62
(-129 - (20 + -18)) + (-9 - (12 + -21))
-131
What is the value of (-20 - (7 + -11 + 5)) + -490 + 522?
11
Calculate -4 + (20 - 1 - (-242 - -267)).
-10
-6 + 8 + -4 - (-17 - -113)
-98
Evaluate 57 + -11 - (-1 + -19 + 27).
39
What is 139 + (-48 - (-33 + 3)) + 2 + 0 + -2?
121
Calculate (-14 - -10 - (75 - 72)) + -17.
-24
What is 6 + (5 - 1 - 6) - (32 - 7)?
-21
What is the value of -10 + 5 + -22 + -276 + 273?
-30
-21 + (-6 - (-107 + 58))
22
Evaluate (12 - (5 + (8 - 17) + 2)) + (192 - 217).
-11
What is -22 + (-14 - (-31 + 17) - 23)?
-45
What is 5 + (-1 - (4 - 0 - -14))?
-14
Evaluate (-11 - 0 - -2) + (29 - (-47 + 76)).
-9
-102 - (61 + -124 + -17)
-22
Calculate -59 + 124 + 11 - 29.
47
Evaluate (-1280 - -1249) + (1 - 11).
-41
What is the value of (-110194 - -110161) + (0 - 0 - -16)?
-17
5 + (-6 - (10 - 15 - 1)) - (-19 + 10)
14
What is -45 - (18 - 57) - 75?
-81
What is 181 + -231 + (14 - -14) + 0?
-22
What is 11 + 1 - (7364 + -7368)?
16
What is the value of 1 + -17 - (-120 + (74 - 47) + -1)?
78
10 + -23 - (2 + 14) - -14
-15
17 + -7 - (17 + -11 + (-14 - -14))
4
What is -82 - -29 - (189 + -179)?
-63
Evaluate 41 + -1 - (15 + -4 - -8).
21
21 - (-10 + -1 + 4 + -3 + 5 + 8)
18
Evaluate -159 + 100 + 50 + (56 - (0 + -1 + 0)).
48
What is the value of -29 + (31 - 81) - -114?
35
Calculate (390 - 379) + (-102 - 5) + (-3 - (-4 + 7)).
-102
Calculate 4 - (-16 + 27) - -3 - 38 - (0 + 11).
-53
What is the value of -1105 - -1207 - (45 - 1)?
58
What is 14 - (384 - 373 - (32 - -2))?
37
Calculate (-28 - 2) + -3131 + 3146.
-15
Evaluate -2 + 59 - (-6861 - -6926).
-8
What is the value of 1 + (4 - -6) + -249 + 251 - 0?
13
725 - 648 - (37 + -4)
44
Evaluate -18 - (-60 - (31 - 2 - 24)).
47
What is -26 - (30 + -53 - 8)?
5
-72 + (12 + -42 + 14 - -14) - 0
-74
Calculate (-50 + 55 - -47) + -56.
-4
Evaluate (-18 - -17) + (-81 + -19 - 9).
-110
What is 22 - 21 - (30 + 13) - -13?
-29
4 + -1 + -4 - 0 - (84 + -82)
-3
What is the value of 1 - (4 + -2) - (32 - -1 - (168 - 155))?
-21
What is the value of 92 + (25 - (11 - (0 + 20))) + -25?
101
Evaluate -43 + (2 - -19) + 11 + 3 + 4.
-4
Calculate -18 - (-68 - -33 - 10).
27
What is the value of (289 - 318) + (10 - 7)?
-26
Calculate (-2 - -41) + (-8 - (10 + -27 + -3)).
51
Evaluate -15 + (-13 - -60 - -15) + -9 + (1 - -1).
40
What is 16 + (20 + -42 - -99) + -10?
83
Evaluate 27 - (-53 + (54 - -1)).
25
Evaluate -15 - 1 - (50 - -65).
-131
What is the value of (-344 - -221 - -179) + (-1 - 23)?
32
Evaluate 36 - (-7 + (-17 - -71)).
-11
What is the value of -8 + (12 - (26 + (-20 - -18)))?
-20
What is 2 + -3 + (-2 - -62) + -150 + 110 + 53?
72
What is the value of -549 - -567 - ((-51 - 2) + 4)?
67
What is the value of -13 + -2 + 0 + (-183 - -182)?
-16
10 + -53 + 47 + (-53 - -33)
-16
-5 - -115 - (19 + (-21 - -3) + (0 - -13))
96
-42 - (-8 + (-2 - 1 - (-1 + -11 + 9)))
-34
Calculate -24 + 1 + (-108 + 33 - -45).
-53
-1 + (-3 - -3) - 3 - (116 + -33 + -38)
-49
What is the value of -14 + -23 - -77 - (-2 + -2 - -1)?
43
Evaluate 92 + (25 - (-56 + 168)).
5
Evaluate (18457 - 18378) + (1 + -1 + -1 - 0 - 10).
68
Calculate (64 - 70) + (0 - -16) + 10.
20
What is 0 + 8 - (33 - (-54 + 45 - -19))?
-15
What is -6 - ((-32 - (1 + -2)) + (-3456 - -3446))?
35
What is the value of (4 - 37) + -46 - -60?
-19
(0 - -2) + (17 + 14 - 53)
-20
Evaluate (48 - -2) + (15 - 31) + 29.
63
Calculate -19 - ((15 - 6) + (-13 - 1)) - (2 - 8).
-8
What is ((-54 - -61) + (3 - 5) - 97) + 13?
-79
What is the value of (58 - (-13 - -58)) + -93?
-80
Evaluate -10 + -2 + (24 + -27 - -5) + 6.
-4
What is 10 + (-2 - 4) - (11 + -6 + 32)?
-33
What is 8 - (558 + -550 - (-1 - -54))?
53
22 + -11 + (-86 - -9) + 12
-54
What is (15 + 18 - 105) + 60?
-12
Evaluate 10 - (-22 - (-6 - 2) - (-5 - -9 - -51)).
79
What is the value of 4 - (5 + (-13 - -20 - -6)) - (39 + -1)?
-52
1 - 8 - (126 + -192 + -27)
86
Evaluate (64 - 25 - 27) + (2 - 1) + -31.
-18
What is the value of -6 + 30 + -8 + 18?
34
What is the value of -51 + (61 - 43) + (-1 - -27)?
-7
What is the value of (41 - (11 - (-20 + 54))) + (5 - -2)?
71
What is the value of -1 + 1 + (-24 - 1) + 0 + (10754 - 10755)?
-26
What is -40 + 14 + (-25 - -91) - (-2 + 1 + 1)?
40
Calculate (-2 - 0) + (-2 - (14 + 0 + 25 + -6)).
-37
Evaluate (55 - -60) + -83 + -101 + 3.
-66
What is (-20 - -19) + 6 - (8 + -6 - -9)?
-6
What is the value of (56 - -94) + -113 + (1 - 17)?
21
Evaluate (-1 - (28 - 26) - -2) + (3 + -38 - 3).
-39
What is the value of (-26 + 110 - -56) + -116?
24
What is -78 + (-34 - (-102 + -56))?
46
Calculate (2 + (2 - 1) - -10) + 2849 + -2865.
-3
What is the value of -51 + 197 + -108 + 38?
76
86 - (-13 - (-50 + -21))
28
Calculate -5 + -1 - (-20 + 7 + -85).
92
Calculate -10 + 12 + (-4 - -52) - 26.
24
What is the value of 228 + -246 + (-2 + 3 + 1 - (12 - 2))?
-26
What is the value of -578 - -604 - (3 + -9 - 1)?
33
What is 3 + 53 - (-35 - -22 - (5 - 3 - 18))?
53
-3 + 7 - 7 - (31 + -2 + (45 - 51))
-26
What is -3546 - -3538 - (-1 + 43)?
-50
What is 83 - (29 + -64 + 36 - 16)?
98
15 - ((-135 - -67) + 138)
-55
Calculate (-44 - (-36 - -22)) + 42 - (-45 + 0).
57
(105 - 103) + (-2 - 0 - (-30 - -10)) + 7
27
What is -49 + (-1 + 19 - (-98 - -32 - -91))?
-56
(63 + -3 + 5 - 2) + 93 + -49 + -54
53
Evaluate -4 - -105 - (4 + 24 + 7).
66
2 + -36 + -6 + -40 + 68
-12
1 + (-16 - -10 - -5 - (-6 + 3 - -70))
-67
Calculate 9 + 0 - (-12 - (-8 + -4)) - (2 - 14).
21
4 + ((27 - 142) + 23 - -20)
-68
What is -4 + 15 - (0 + 7 + -1 + 2 + 3)?
0
What is the value of 10 + (-20 - -3) - (-6 + (3 - -41))?
-45
(-18 - (-16 + 10)) + 4 + -7 + -19
-34
What is -1982 + 1944 + (-1 - -1 - -2 - -10)?
-26
What is 79 - (20 + (-7 + (10 - 10 - -9) - 12))?
69
What is 90 - (78 - 37) - 51?
-2
-73 - (-35 - 143 - 6)
111
What is 18 + 0 - ((80 - -86) + -109)?
-39
(36 - 97) + 30 + 68
37
Evaluate (2 - 1 - -25) + (0 - 23).
3
What is th